{"id":2629,"date":"2017-10-23T19:07:24","date_gmt":"2017-10-23T19:07:24","guid":{"rendered":"http:\/\/www.zaproszeniaslubwesele.pl\/?page_id=2629"},"modified":"2021-01-08T20:47:44","modified_gmt":"2021-01-08T20:47:44","slug":"sentencje-do-zaproszen","status":"publish","type":"page","link":"https:\/\/www.zaproszeniaslubwesele.pl\/?page_id=2629","title":{"rendered":"Sentencje do zaprosze\u0144"},"content":{"rendered":"<h3 style=\"text-align: center;\"><span style=\"color: #c2b3a6;\">Sentencja nr 1<\/span><\/h3>\n<p style=\"text-align: center;\">&#8222;Jedn\u0105 z najstarszych ludzkich potrzeb<br \/>jest mie\u0107 kogo\u015b, kto zastanawia si\u0119,<br \/>gdzie jeste\u015bmy kiedy nie wracamy<br \/>wieczorem do domu.&#8221;<br \/>M.Mead<\/p>\n<h3 style=\"text-align: center;\"><span style=\"color: #c2b3a6;\">Sentencja\u00a0nr 2<\/span><\/h3>\n<p style=\"text-align: center;\">A kiedy b\u0119dziesz \u017con\u0105 moj\u0105,<br \/>umi\u0142owan\u0105, po\u015blubion\u0105,<br \/>w\u00f3wczas si\u0119 ogr\u00f3d nam otworzy,<br \/>ogr\u00f3d \u015bwietlisty pe\u0142en zorzy&#8230;<br \/>A kiedy b\u0119dziesz m\u0119\u017cem moim,<br \/>rozdzwoni\u0105 nam si\u0119 wszystkie dzwony,<br \/>pachn\u0105\u0107 nam b\u0119d\u0105 winogrony<br \/>i r\u00f3\u017ce \u015bliczne i powoje,<br \/>ca\u0142owa\u0107 b\u0119d\u0105 w\u0142osy Twoje&#8230;<\/p>\n<h3 style=\"text-align: center;\"><span style=\"color: #c2b3a6;\">Sentencja\u00a0nr\u00a03<\/span><\/h3>\n<p style=\"text-align: center;\">Zakochani i \u015bwiadomi,<br \/>\u017ce ich mi\u0142o\u015b\u0107 to nie wiatr<br \/>maj\u0105 zaszczyt zawiadomi\u0107,<br \/>\u017ce chc\u0105 razem i\u015b\u0107 przez \u015bwiat<br \/>u\u015bmiechni\u0119ci wsp\u00f3\u0142-obj\u0119ci<br \/>spr\u00f3bujemy szuka\u0107 zgody<br \/>cho\u0107 r\u00f3\u017cnimy si\u0119 od siebie<br \/>jak dwie krople czystej wody.<\/p>\n<h3 style=\"text-align: center;\"><span style=\"color: #c2b3a6;\">Sentencja\u00a0nr\u00a04<\/span><\/h3>\n<p style=\"text-align: center;\">&#8222;\u017baden dzie\u0144 si\u0119 nie powt\u00f3rzy,<br \/>nie ma dw\u00f3ch podobnych nocy,<br \/>dw\u00f3ch tych samych poca\u0142unk\u00f3w,<br \/>dw\u00f3ch jednakich spojrze\u0144 w oczy &#8230;<br \/>s\u0105 na siebie skazani.&#8221;<\/p>\n<p style=\"text-align: center;\">W. Szymborska<\/p>\n<h3 style=\"text-align: center;\"><span style=\"color: #c2b3a6;\">Sentencja\u00a0nr\u00a05<\/span><\/h3>\n<p style=\"text-align: center;\">&#8222;&#8230; Niech s\u0142owo &#8222;Kocham&#8221; jeszcze<br \/>raz z ust Twych us\u0142ysz\u0119,<br \/>niech je w sercu wyryj\u0119<br \/>i w my\u015bli zapisz\u0119 &#8230;&#8221;<\/p>\n<p style=\"text-align: center;\">A. Mickiewicz<\/p>\n<h3 style=\"text-align: center;\"><span style=\"color: #c2b3a6;\">Sentencja\u00a0nr\u00a06<\/span><\/h3>\n<p style=\"text-align: center;\">&#8222;Jedno jest tylko w \u017cyciu szcz\u0119\u015bcie<br \/>kocha\u0107 i by\u0107 kochanym &#8230;&#8221;<\/p>\n<p style=\"text-align: center;\">G. Sand<\/p>\n<h3 style=\"text-align: center;\"><span style=\"color: #c2b3a6;\">Sentencja\u00a0nr\u00a07<\/span><\/h3>\n<p style=\"text-align: center;\">&#8222;Je\u017celi cokolwiek warto na \u015bwiecie<br \/>czyni\u0107, to tylko jedno &#8211; mi\u0142owa\u0107.&#8221;<\/p>\n<p style=\"text-align: center;\">Jan Pawe\u0142 II<\/p>\n<h3 style=\"text-align: center;\"><span style=\"color: #c2b3a6;\">Sentencja\u00a0nr\u00a08<\/span><\/h3>\n<p style=\"text-align: center;\">&#8222;Ten Pan i ta Pani<br \/>s\u0105 na siebie skazani.&#8221;<\/p>\n<p style=\"text-align: center;\">J. Sztaudynger<\/p>\n<h3 style=\"text-align: center;\"><span style=\"color: #c2b3a6;\">Sentencja\u00a0nr\u00a09<\/span><\/h3>\n<p style=\"text-align: center;\">&#8230; Ty i ja spo\u015br\u00f3d tysi\u0119cy<br \/>Mocno trzymamy si\u0119 za r\u0119ce.<br \/>Niezwyk\u0142y dzie\u0144, donios\u0142a chwila<br \/>I szept nie\u015bmia\u0142y: mi\u0142y&#8230; mi\u0142a&#8230;<br \/>Odt\u0105d ju\u017c razem zawsze i wsz\u0119dzie<br \/>Tak mia\u0142o by\u0107 i tak niech b\u0119dzie.<\/p>\n<h3 style=\"text-align: center;\"><span style=\"color: #c2b3a6;\">Sentencja\u00a0nr 10<\/span><\/h3>\n<p style=\"text-align: center;\">&#8222;Najlepszych i najpi\u0119kniejszych<br \/>rzeczy na \u015bwiecie,<br \/>nie mo\u017cna ani zobaczy\u0107 ani dotkn\u0105\u0107.<br \/>Trzeba je poczu\u0107 sercem.&#8221;<\/p>\n<p style=\"text-align: center;\">H. Keller<\/p>\n<h3 style=\"text-align: center;\"><span style=\"color: #c2b3a6;\">Sentencja\u00a0nr 11<\/span><\/h3>\n<p style=\"text-align: center;\">&#8222;Powiedz mi, jak mnie kochasz?<br \/>Powiem.<br \/>Wi\u0119c?<br \/>Kocham Ci\u0119 w s\u0142o\u0144cu i przy blasku \u015bwiec,<br \/>W wielkim wietrze, na szosie i na koncercie,<br \/>W bzach i w brzozach, i w malinach, i w klonach.<br \/>I gdy \u015bpisz.<br \/>Dzisiaj. Wczoraj. I jutro. Dniem i noc\u0105.<br \/>I wiosn\u0105, kiedy jask\u00f3\u0142ka przylata.<br \/>A latem jak mnie kochasz?<br \/>Jak tre\u015b\u0107 lata.<br \/>A gdy zima posrebrzy ramy okien?<br \/>Zim\u0105 kocham Ci\u0119 jak weso\u0142y ogie\u0144.<br \/>Blisko przy twoim sercu.<br \/>Zawsze ko\u0142o niego.&#8221;<\/p>\n<p style=\"text-align: center;\">K. I. Ga\u0142czy\u0144ski<\/p>\n<h3 style=\"text-align: center;\"><span style=\"color: #c2b3a6;\">Sentencja\u00a0nr 12<\/span><\/h3>\n<p style=\"text-align: center;\">&#8222;Kocha\u0107, to nie znaczy patrze\u0107<br \/>na siebie nawzajem,<br \/>lecz patrze\u0107 razem w tym<br \/>samym kierunku.&#8221;<\/p>\n<p style=\"text-align: center;\">Antoine de Saint-Exup\u00e9ry<\/p>\n<h3 style=\"text-align: center;\"><span style=\"color: #c2b3a6;\">Sentencja\u00a0nr 13<\/span><\/h3>\n<p style=\"text-align: center;\">&#8222;Mi\u0142o\u015b\u0107 cierpliwa jest,<br \/>\u0142askawa jest.<br \/>Mi\u0142o\u015b\u0107 nie zazdro\u015bci,<br \/>Nie szuka poklasku,<br \/>Nie unosi si\u0119 pych\u0105,<br \/>Nie dopuszcza si\u0119 bezwstydu,<br \/>Nie szuka swego,<br \/>Nie unosi si\u0119 gniewem,<br \/>Nie pami\u0119ta z\u0142ego,<br \/>Nie cieszy si\u0119 z niesprawiedliwo\u015bci,<br \/>Lecz weseli si\u0119 z prawdy.<br \/>Wszystko znosi,<br \/>wszystkiemu wierzy,<br \/>we wszystkim pok\u0142ada nadziej\u0119,<br \/>Wszystko przetrzyma.<br \/>Mi\u0142o\u015b\u0107 nigdy nie ustaje&#8230;&#8221;<\/p>\n<p style=\"text-align: center;\">1 Kor. 13, 4-8<\/p>\n<h3 style=\"text-align: center;\"><span style=\"color: #c2b3a6;\">Sentencja\u00a0nr 14<\/span><\/h3>\n<p style=\"text-align: center;\">&#8222;Oto jest mi\u0142o\u015b\u0107.<br \/>Dwoje ludzi spotyka si\u0119<br \/>przypadkiem,<br \/>a okazuje si\u0119,<br \/>\u017ce czekali na siebie ca\u0142e \u017cycie.&#8221;<\/p>\n<p style=\"text-align: center;\">O&#8217; Cangaceiro<\/p>\n<h3 style=\"text-align: center;\"><span style=\"color: #c2b3a6;\">Sentencja\u00a0nr 15<\/span><\/h3>\n<p style=\"text-align: center;\">&#8222;Musicie by\u0107 silni mi\u0142o\u015bci\u0105,<br \/>kt\u00f3ra wszystko znosi,<br \/>wszystkiemu wierzy,<br \/>wszystko przetrzyma,<br \/>t\u0105 mi\u0142o\u015bci\u0105,<br \/>kt\u00f3ra nigdy nie zawiedzie.&#8221;<\/p>\n<p style=\"text-align: center;\">Jan Pawe\u0142 II<\/p>\n<h3 style=\"text-align: center;\"><span style=\"color: #c2b3a6;\">Sentencja\u00a0nr 16<\/span><\/h3>\n<p style=\"text-align: center;\">.&#8221;Udane ma\u0142\u017ce\u0144stwo<br \/>wymaga wielokrotnego zakochiwania si\u0119,<br \/>zawsze w tej samej osobie.&#8221;<br \/>M. McLaughlin<\/p>\n<h3 style=\"text-align: center;\"><span style=\"color: #c2b3a6;\">Sentencja\u00a0nr 17<\/span><\/h3>\n<p style=\"text-align: center;\">&#8222;S\u0105 dwa serca<br \/>ich ci\u0105g\u0142e, nieustanne bicie<br \/>zdaje si\u0119 w dw\u00f3ch jestestwach<br \/>jedno tworzy \u017cycie,<br \/>\u0142a\u0144cuch kt\u00f3ry nas wi\u0105\u017ce,<br \/>los nie skruszy zmian\u0105,<br \/>b\u0119d\u0105 bi\u0107 zawsze razem,<br \/>albo bi\u0107 przestan\u0105.&#8221;<\/p>\n<p style=\"text-align: center;\">Byron<\/p>\n<h3 style=\"text-align: center;\"><span style=\"color: #c2b3a6;\">Sentencja\u00a0nr 18<\/span><\/h3>\n<p style=\"text-align: center;\">&#8222;Nowi ludzie &#8230;<br \/>dot\u0105d dwoje, lecz jeszcze nie jedno,<br \/>odt\u0105d jedno, chocia\u017c nadal dwoje.&#8221;<\/p>\n<p style=\"text-align: center;\">K. Wojty\u0142a<\/p>\n<h3 style=\"text-align: center;\"><span style=\"color: #c2b3a6;\">Sentencja\u00a0nr 19<\/span><\/h3>\n<p style=\"text-align: center;\">&#8221; &#8230;I w ksi\u0119\u017cycowym blasku promieni,<br \/>Rw\u0105c kwiaty marze\u0144 na srebrnej mgle,<br \/>Uwierzmy, \u017ce\u015bmy sercem z\u0142\u0105czeni<br \/>W pierwszej mi\u0142o\u015bci rozkosznym \u015bnie.&#8221;<\/p>\n<p style=\"text-align: center;\">A. Asnyk<\/p>\n<h3 style=\"text-align: center;\"><span style=\"color: #c2b3a6;\">Sentencja\u00a0nr 20<\/span><\/h3>\n<p style=\"text-align: center;\">&#8222;Nie wystarczy pokocha\u0107,<br \/>trzeba jeszcze umie\u0107<br \/>wzi\u0105\u0107 t\u0119 mi\u0142o\u015b\u0107 w r\u0119ce<br \/>i przenie\u015b\u0107 j\u0105 przez ca\u0142e \u017cycie.&#8221;<\/p>\n<p style=\"text-align: center;\">A. Bekannte<\/p>\n<h3 style=\"text-align: center;\"><span style=\"color: #c2b3a6;\">Sentencja\u00a0nr 21<\/span><\/h3>\n<p style=\"text-align: center;\">&#8222;Mi\u0142o\u015b\u0107 mi wszystko wyja\u015bni\u0142a.<br \/>Mi\u0142o\u015b\u0107 wszystko rozwi\u0105za\u0142a-<br \/>dlatego uwielbiam t\u0119 Mi\u0142o\u015b\u0107,<br \/>gdziekolwiek by przebywa\u0142a.&#8221;<\/p>\n<p style=\"text-align: center;\">Jan Pawe\u0142 II<\/p>\n<h3 style=\"text-align: center;\"><span style=\"color: #c2b3a6;\">Sentencja\u00a0nr 22<\/span><\/h3>\n<p style=\"text-align: center;\">&#8222;Mi\u0142o\u015b\u0107 to znaczy popatrze\u0107 na siebie,<br \/>Tak jak si\u0119 patrzy na obce nam rzeczy,<br \/>Bo jeste\u015b tylko jedn\u0105 z rzeczy wielu.<br \/>A kto tak patrzy, cho\u0107 sam o tym nie wie,<br \/>Ze zmartwie\u0144 r\u00f3\u017cnych swoje serce leczy.&#8221;<\/p>\n<p style=\"text-align: center;\">Czes\u0142aw Mi\u0142osz<\/p>\n<h3 style=\"text-align: center;\"><span style=\"color: #c2b3a6;\">Sentencja\u00a0nr 23<\/span><\/h3>\n<p style=\"text-align: center;\">&#8222;Kocham Ciebie&#8221;- to znaczy: chce z Tob\u0105<br \/>Pod\u017awign\u0105\u0107 ci\u0119\u017car co si\u0119 \u017cyciem zowie,<br \/>By\u0107 domu Twego \u015bwiat\u0142em i ozdob\u0105<br \/>I nie\u015b\u0107 Ci pok\u00f3j, cisz\u0119 i zdrowie&#8230;&#8221;<\/p>\n<p style=\"text-align: center;\">M. Konopnicka<\/p>\n<h3 style=\"text-align: center;\"><span style=\"color: #c2b3a6;\">Sentencja\u00a0nr 24<\/span><\/h3>\n<p style=\"text-align: center;\">&#8222;Dwoje ludzi spotyka si\u0119 przypadkiem,<br \/>a okazuje si\u0119,<br \/>\u017ce czekali na siebie ca\u0142e \u017cycie.&#8221;<\/p>\n<p style=\"text-align: center;\">V. de Lima Barreto<\/p>\n<h3 style=\"text-align: center;\"><span style=\"color: #c2b3a6;\">Sentencja\u00a0nr 25<\/span><\/h3>\n<p style=\"text-align: center;\">&#8222;Mi\u0142o\u015b\u0107 zaczyna si\u0119 wtedy,<br \/>kiedy szcz\u0119\u015bcie drugiej osoby<br \/>jest wa\u017cniejsze ni\u017c Twoje.&#8221;<\/p>\n<p style=\"text-align: center;\">J. W. von Goethe<\/p>\n\n\n<p><\/p>\n","protected":false},"excerpt":{"rendered":"<p>Sentencja nr 1 &#8222;Jedn\u0105 z najstarszych ludzkich potrzebjest mie\u0107 kogo\u015b, kto zastanawia si\u0119,gdzie jeste\u015bmy kiedy nie wracamywieczorem do domu.&#8221;M.Mead Sentencja\u00a0nr 2 A kiedy b\u0119dziesz \u017con\u0105 moj\u0105,umi\u0142owan\u0105, po\u015blubion\u0105,w\u00f3wczas si\u0119 ogr\u00f3d nam otworzy,ogr\u00f3d \u015bwietlisty pe\u0142en zorzy&#8230;A kiedy b\u0119dziesz m\u0119\u017cem moim,rozdzwoni\u0105 nam si\u0119 wszystkie dzwony,pachn\u0105\u0107 nam b\u0119d\u0105 winogronyi r\u00f3\u017ce \u015bliczne i powoje,ca\u0142owa\u0107 b\u0119d\u0105 w\u0142osy Twoje&#8230; Sentencja\u00a0nr\u00a03 Zakochani i [&hellip;]<\/p>\n","protected":false},"author":1,"featured_media":0,"parent":0,"menu_order":0,"comment_status":"closed","ping_status":"closed","template":"","meta":{"footnotes":""},"_links":{"self":[{"href":"https:\/\/www.zaproszeniaslubwesele.pl\/index.php?rest_route=\/wp\/v2\/pages\/2629"}],"collection":[{"href":"https:\/\/www.zaproszeniaslubwesele.pl\/index.php?rest_route=\/wp\/v2\/pages"}],"about":[{"href":"https:\/\/www.zaproszeniaslubwesele.pl\/index.php?rest_route=\/wp\/v2\/types\/page"}],"author":[{"embeddable":true,"href":"https:\/\/www.zaproszeniaslubwesele.pl\/index.php?rest_route=\/wp\/v2\/users\/1"}],"replies":[{"embeddable":true,"href":"https:\/\/www.zaproszeniaslubwesele.pl\/index.php?rest_route=%2Fwp%2Fv2%2Fcomments&post=2629"}],"version-history":[{"count":5,"href":"https:\/\/www.zaproszeniaslubwesele.pl\/index.php?rest_route=\/wp\/v2\/pages\/2629\/revisions"}],"predecessor-version":[{"id":6382,"href":"https:\/\/www.zaproszeniaslubwesele.pl\/index.php?rest_route=\/wp\/v2\/pages\/2629\/revisions\/6382"}],"wp:attachment":[{"href":"https:\/\/www.zaproszeniaslubwesele.pl\/index.php?rest_route=%2Fwp%2Fv2%2Fmedia&parent=2629"}],"curies":[{"name":"wp","href":"https:\/\/api.w.org\/{rel}","templated":true}]}}