{"id":2478,"date":"2017-10-23T15:46:13","date_gmt":"2017-10-23T15:46:13","guid":{"rendered":"http:\/\/www.zaproszeniaslubwesele.pl\/?page_id=2478"},"modified":"2021-02-05T13:08:42","modified_gmt":"2021-02-05T13:08:42","slug":"fotobox-luna","status":"publish","type":"page","link":"https:\/\/www.zaproszeniaslubwesele.pl\/?page_id=2478","title":{"rendered":"Fotobudka (Bydgoszcz i okolice)"},"content":{"rendered":"<h2><span style=\"color: #c2b3a6;\">Fotobudka + Green-screen + Ksi\u0119ga Go\u015bci + Personalizacja w cenie<\/span><\/h2>\n<p><a href=\"http:\/\/www.zaproszeniaslubwesele.pl\/wp-content\/uploads\/2017\/10\/14936998_10209581023874858_1937688004_n.jpg\" rel=\"attachment wp-att-2482\"><img loading=\"lazy\" decoding=\"async\" class=\"alignnone size-full wp-image-2482\" src=\"http:\/\/www.zaproszeniaslubwesele.pl\/wp-content\/uploads\/2017\/10\/14936998_10209581023874858_1937688004_n.jpg\" alt=\"14936998_10209581023874858_1937688004_n\" width=\"942\" height=\"417\" srcset=\"https:\/\/www.zaproszeniaslubwesele.pl\/wp-content\/uploads\/2017\/10\/14936998_10209581023874858_1937688004_n.jpg 942w, https:\/\/www.zaproszeniaslubwesele.pl\/wp-content\/uploads\/2017\/10\/14936998_10209581023874858_1937688004_n-300x133.jpg 300w, https:\/\/www.zaproszeniaslubwesele.pl\/wp-content\/uploads\/2017\/10\/14936998_10209581023874858_1937688004_n-768x340.jpg 768w, https:\/\/www.zaproszeniaslubwesele.pl\/wp-content\/uploads\/2017\/10\/14936998_10209581023874858_1937688004_n-510x226.jpg 510w\" sizes=\"(max-width: 942px) 100vw, 942px\" \/><\/a><\/p>\n<table style=\"height: 954px;\" width=\"613\">\n<tbody>\n<tr>\n<td width=\"235\">\n<h2>OPCJE<\/h2>\n<\/td>\n<td width=\"138\">\n<pre><span style=\"color: #c2b3a6;\"><strong>Podstawowy<\/strong><\/span><\/pre>\n<\/td>\n<td width=\"117\">\n<pre><span style=\"color: #c2b3a6;\"><strong>Rozszerzony<\/strong><\/span><\/pre>\n<\/td>\n<td width=\"127\">\n<pre><span style=\"color: #c2b3a6;\"><strong>Rozszerzony+<\/strong><\/span><\/pre>\n<\/td>\n<\/tr>\n<tr>\n<td width=\"235\"><strong>Wynajem na:<\/strong><\/td>\n<td width=\"138\"><strong>2h<\/strong><\/td>\n<td width=\"117\"><strong>3h<\/strong><\/td>\n<td width=\"127\"><strong>4h<\/strong><\/td>\n<\/tr>\n<tr>\n<td width=\"235\"><strong>Bez limitu zdj\u0119\u0107<\/strong><\/td>\n<td width=\"138\"><strong>+<\/strong><\/td>\n<td width=\"117\"><strong>+<\/strong><\/td>\n<td width=\"127\"><strong>+<\/strong><\/td>\n<\/tr>\n<tr>\n<td width=\"235\"><strong>Pakiet gad\u017cet\u00f3w<\/strong><\/td>\n<td width=\"138\"><strong>+<\/strong><\/td>\n<td width=\"117\"><strong>+<\/strong><\/td>\n<td width=\"127\"><strong>+<\/strong><\/td>\n<\/tr>\n<tr>\n<td width=\"235\"><strong>Indywidualny layout-szablon zdj\u0119\u0107<\/strong><\/td>\n<td width=\"138\"><strong>+<\/strong><\/td>\n<td width=\"117\"><strong>+<\/strong><\/td>\n<td width=\"127\"><strong>+<\/strong><\/td>\n<\/tr>\n<tr>\n<td width=\"235\"><strong>Zdj\u0119cia na Pendrivie<\/strong><\/td>\n<td width=\"138\"><strong>tylko na dostarczony no\u015bnik<\/strong><\/td>\n<td width=\"117\"><strong>+\u00a0<\/strong><\/td>\n<td width=\"127\"><strong>+<\/strong><\/td>\n<\/tr>\n<tr>\n<td width=\"235\"><strong>Oferta w Bydgoszczy i<\/strong><\/p>\n<p><strong>+10km<\/strong><\/td>\n<td width=\"138\"><strong>+<\/strong><\/td>\n<td width=\"117\"><strong>+<\/strong><\/td>\n<td width=\"127\"><strong>+<\/strong><\/td>\n<\/tr>\n<tr>\n<td width=\"235\"><strong>Rozstawienie fotobudki przed uroczysto\u015bci\u0105<\/strong><\/td>\n<td width=\"138\"><strong>&#8211;<\/strong><\/td>\n<td width=\"117\"><strong>+<\/strong><\/td>\n<td width=\"127\"><strong>+<\/strong><\/td>\n<\/tr>\n<tr>\n<td width=\"235\"><span style=\"color: #c2b3a6;\"><strong>Ksi\u0119ga Go\u015bci \u00a0<\/strong><\/span><\/td>\n<td width=\"138\"><span style=\"color: #c2b3a6;\"><strong>60z\u0142<\/strong><\/span><\/td>\n<td width=\"117\"><span style=\"color: #c2b3a6;\"><strong>Gratis<\/strong><\/span><\/td>\n<td width=\"127\"><span style=\"color: #c2b3a6;\"><strong>Gratis<\/strong><\/span><\/td>\n<\/tr>\n<tr>\n<td width=\"235\"><strong>Personalizacja t\u0142a zdj\u0119ciowego<\/strong><\/td>\n<td width=\"138\"><strong>Gratis<\/strong><\/td>\n<td width=\"117\"><strong>Gratis<\/strong><\/td>\n<td width=\"127\"><strong>Gratis<\/strong><\/td>\n<\/tr>\n<tr>\n<td width=\"235\"><strong>Przesy\u0142anie zdj\u0119\u0107 na portale<\/strong><\/td>\n<td width=\"138\"><strong>+100z\u0142<\/strong><\/td>\n<td width=\"117\"><strong>+100zl<\/strong><\/td>\n<td width=\"127\"><strong>+100z\u0142<\/strong><\/td>\n<\/tr>\n<tr>\n<td width=\"235\"><strong>Green-Screan<\/strong><\/td>\n<td width=\"138\"><strong>+<\/strong><\/td>\n<td width=\"117\"><strong>+<\/strong><\/td>\n<td width=\"127\"><strong>+<\/strong><\/td>\n<\/tr>\n<tr>\n<td width=\"235\"><strong>CENA PLN\u00a0<\/strong><\/td>\n<td width=\"138\"><strong>600,00<\/strong><\/td>\n<td width=\"117\"><strong>800,00<\/strong><\/td>\n<td width=\"127\"><strong>1000,00<\/strong><\/td>\n<\/tr>\n<tr>\n<td width=\"235\"><\/td>\n<td width=\"138\"><\/td>\n<td width=\"117\"><\/td>\n<td width=\"127\"><\/td>\n<\/tr>\n<tr>\n<td colspan=\"4\" width=\"617\">\u00a0Studni\u00f3wki, Po\u0142owinki, Bale i pozosta\u0142e imprezy masowe: powy\u017cej 200 os\u00f3b <strong>+ 20%\u00a0<\/strong><\/td>\n<\/tr>\n<\/tbody>\n<\/table>\n<h1>Informacje dodatkowe:<\/h1>\n<ul>\n<li>Podgl\u0105d Live View na \u017cywo przed wykonaniem zdj\u0119cia.<\/li>\n<li>Zaprojektujemy dla Was dowolne t\u0142o do ekranu Green-Screan, dzi\u0119ki temu Wasze t\u0142o b\u0119dzie mega jasne, ostre i do\u015bwietlone.<\/li>\n<li>Przygotujemy indywidualny layout-szablon wydruk\u00f3w.<\/li>\n<li>Wydruk zdj\u0119\u0107 w formacie 5x15cm lub innym wg ustale\u0144.<\/li>\n<li>Nowoczesny aparat o doskona\u0142ej jako\u015bci wykonuj\u0105cy ostre zdj\u0119cia przy szerokim k\u0105cie widzenia.<\/li>\n<li>Lampa ledowa doskonale do\u015bwietlaj\u0105ca fotografowany obiekt.<\/li>\n<li>Dodatkowa godzina wynajmu naszej fotobudki\u00a0ustalana indywidualnie.<\/li>\n<li>Dojazd powy\u017cej 10 km od rogatek \u2013 koszt\u00a01 z\u0142\/km lub do ustalenia.<\/li>\n<\/ul>\n<h3>Czas wynajmu:<\/h3>\n<p>Roz\u0142o\u017cenie fotobudki i demonta\u017c zajmuje nam troch\u0119 czasu J, czas ten nie jest oczywi\u015bcie wliczony w czas wykupiony, na jaki decydujesz si\u0119 przy wyborze pakietu wynajmu.<br \/>\nW miar\u0119 mo\u017cliwo\u015bci rozk\u0142adamy fotobudk\u0119 przed uroczysto\u015bci\u0105 lub przed zam\u00f3wionym czsem, montujemy i pojawiamy si\u0119 przed zam\u00f3wionym czasem, by wszystko przygotowa\u0107. Podczas pracy fotobudki zawsze jest kto\u015b z naszej ekipy, by pom\u00f3c i doradzi\u0107.<\/p>\n<h3>Zdj\u0119cia bez limitu:<\/h3>\n<p>Nie ma \u017cadnego limitu pstrykania fotek, jedyny limit, kt\u00f3ry Was ogranicza to limit czasowy- czyli czas, na kt\u00f3ry fotobudk\u0119 wynaj\u0119li\u015bcie.<br \/>\nSerie zdj\u0119\u0107 jest wykonywana w ci\u0105gu kilkunastu sekund, zdj\u0119cia s\u0105 drukowane na nowoczesnej drukarce w technologii termo-sublimacji, co powoduje, \u017ce otrzymane zdj\u0119cia s\u0105 trwa\u0142e i na d\u0142ugo zostaj\u0105 w idealnym stanie.<\/p>\n<h3>Pakiet gad\u017cet\u00f3w:<\/h3>\n<p>Do fotobudki dok\u0142adamy pakiet przezabawnych gad\u017cet\u00f3w, dopasowany oczywi\u015bcie do stylu imprezy.<\/p>\n<h3>T\u0142o Green-Screan lub\u00a0banerowe :<\/h3>\n<p>Posiadamy nowoczesne ekrany zielone i niebieskie (technologia green-screan), dzi\u0119ki kt\u00f3rym graficznie mo\u017cemy opracowa\u0107 dowolne t\u0142o, jakie znajdzie si\u0119 na wydrukowanym zdj\u0119ciu, z idealnie wpasowanymi postaciami. Za dodatkow\u0105 op\u0142at\u0105 mo\u017cemy przygotowa\u0107 dowolne t\u0142o banerowe jednak t\u0142a graficzne green-screan cechuj\u0105 si\u0119 doskona\u0142\u0105 jasno\u015bci\u0105 w wydruku i wyrazisto\u015bci\u0105.<\/p>\n<p>Ceny netto &#8211; mo\u017cliwo\u015b\u0107 wystawienia faktury Vat<\/p>\n<h2>Zapraszamy do wsp\u00f3\u0142pracy :)<\/h2>\n","protected":false},"excerpt":{"rendered":"<p>Fotobudka + Green-screen + Ksi\u0119ga Go\u015bci + Personalizacja w cenie OPCJE Podstawowy Rozszerzony Rozszerzony+ Wynajem na: 2h 3h 4h Bez limitu zdj\u0119\u0107 + + + Pakiet gad\u017cet\u00f3w + + + Indywidualny layout-szablon zdj\u0119\u0107 + + + Zdj\u0119cia na Pendrivie tylko na dostarczony no\u015bnik +\u00a0 + Oferta w Bydgoszczy i +10km + + + Rozstawienie fotobudki [&hellip;]<\/p>\n","protected":false},"author":1,"featured_media":0,"parent":0,"menu_order":0,"comment_status":"closed","ping_status":"closed","template":"","meta":{"footnotes":""},"_links":{"self":[{"href":"https:\/\/www.zaproszeniaslubwesele.pl\/index.php?rest_route=\/wp\/v2\/pages\/2478"}],"collection":[{"href":"https:\/\/www.zaproszeniaslubwesele.pl\/index.php?rest_route=\/wp\/v2\/pages"}],"about":[{"href":"https:\/\/www.zaproszeniaslubwesele.pl\/index.php?rest_route=\/wp\/v2\/types\/page"}],"author":[{"embeddable":true,"href":"https:\/\/www.zaproszeniaslubwesele.pl\/index.php?rest_route=\/wp\/v2\/users\/1"}],"replies":[{"embeddable":true,"href":"https:\/\/www.zaproszeniaslubwesele.pl\/index.php?rest_route=%2Fwp%2Fv2%2Fcomments&post=2478"}],"version-history":[{"count":30,"href":"https:\/\/www.zaproszeniaslubwesele.pl\/index.php?rest_route=\/wp\/v2\/pages\/2478\/revisions"}],"predecessor-version":[{"id":6713,"href":"https:\/\/www.zaproszeniaslubwesele.pl\/index.php?rest_route=\/wp\/v2\/pages\/2478\/revisions\/6713"}],"wp:attachment":[{"href":"https:\/\/www.zaproszeniaslubwesele.pl\/index.php?rest_route=%2Fwp%2Fv2%2Fmedia&parent=2478"}],"curies":[{"name":"wp","href":"https:\/\/api.w.org\/{rel}","templated":true}]}}